divided by 68?
48
What is the remainder when 1216 is divided by 87?
85
What is the remainder when 123 is divided by 35?
18
Calculate the remainder when 242 is divided by 96.
50
What is the remainder when 136 is divided by 54?
28
What is the remainder when 149 is divided by 14?
9
Calculate the remainder when 447 is divided by 93.
75
What is the remainder when 130 is divided by 125?
5
What is the remainder when 1031 is divided by 94?
91
What is the remainder when 57 is divided by 23?
11
What is the remainder when 429 is divided by 3?
0
Calculate the remainder when 206 is divided by 129.
77
Calculate the remainder when 2317 is divided by 155.
147
What is the remainder when 153 is divided by 44?
21
Calculate the remainder when 1601 is divided by 798.
5
What is the remainder when 1094 is divided by 537?
20
Calculate the remainder when 743 is divided by 250.
243
What is the remainder when 58 is divided by 32?
26
Calculate the remainder when 414 is divided by 32.
30
What is the remainder when 45 is divided by 15?
0
Calculate the remainder when 1563 is divided by 97.
11
Calculate the remainder when 1823 is divided by 83.
80
What is the remainder when 253 is divided by 43?
38
What is the remainder when 6826 is divided by 35?
1
What is the remainder when 341 is divided by 69?
65
Calculate the remainder when 2395 is divided by 1192.
11
Calculate the remainder when 112 is divided by 50.
12
What is the remainder when 80 is divided by 1?
0
What is the remainder when 242 is divided by 49?
46
What is the remainder when 60 is divided by 39?
21
Calculate the remainder when 159 is divided by 11.
5
Calculate the remainder when 3053 is divided by 1011.
20
What is the remainder when 126 is divided by 59?
8
Calculate the remainder when 1760 is divided by 63.
59
Calculate the remainder when 791 is divided by 88.
87
What is the remainder when 2615 is divided by 20?
15
Calculate the remainder when 64 is divided by 11.
9
What is the remainder when 2279 is divided by 1138?
3
Calculate the remainder when 3880 is divided by 23.
16
Calculate the remainder when 2513 is divided by 17.
14
What is the remainder when 722 is divided by 19?
0
Calculate the remainder when 1503 is divided by 35.
33
What is the remainder when 1032 is divided by 94?
92
Calculate the remainder when 124 is divided by 37.
13
What is the remainder when 70 is divided by 25?
20
Calculate the remainder when 32 is divided by 19.
13
Calculate the remainder when 569 is divided by 41.
36
Calculate the remainder when 45 is divided by 17.
11
What is the remainder when 76 is divided by 11?
10
Calculate the remainder when 561 is divided by 288.
273
What is the remainder when 928 is divided by 255?
163
What is the remainder when 1306 is divided by 17?
14
What is the remainder when 10943 is divided by 199?
197
What is the remainder when 122 is divided by 65?
57
Calculate the remainder when 2289 is divided by 164.
157
What is the remainder when 43011 is divided by 19?
14
Calculate the remainder when 299 is divided by 2.
1
Calculate the remainder when 118 is divided by 9.
1
Calculate the remainder when 481 is divided by 110.
41
Calculate the remainder when 1353 is divided by 327.
45
What is the remainder when 255 is divided by 68?
51
Calculate the remainder when 69 is divided by 8.
5
Calculate the remainder when 242 is divided by 38.
14
Calculate the remainder when 237 is divided by 79.
0
What is the remainder when 1159 is divided by 227?
24
Calculate the remainder when 310 is divided by 46.
34
What is the remainder when 26 is divided by 7?
5
What is the remainder when 7 is divided by 5?
2
Calculate the remainder when 308 is divided by 24.
20
What is the remainder when 3474 is divided by 36?
18
Calculate the remainder when 771 is divided by 161.
127
Calculate the remainder when 10 is divided by 9.
1
What is the remainder when 78 is divided by 43?
35
Calculate the remainder when 1587 is divided by 788.
11
Calculate the remainder when 2561 is divided by 39.
26
What is the remainder when 197 is divided by 66?
65
Calculate the remainder when 398 is divided by 7.
6
What is the remainder when 31582 is divided by 32?
30
What is the remainder when 2911 is divided by 88?
7
What is the remainder when 342 is divided by 128?
86
What is the remainder when 1250 is divided by 33?
29
Calculate the remainder when 780 is divided by 131.
125
Calculate the remainder when 765 is divided by 16.
13
What is the remainder when 1885 is divided by 63?
58
Calculate the remainder when 43 is divided by 15.
13
What is the remainder when 288 is divided by 39?
15
What is the remainder when 60 is divided by 13?
8
Calculate the remainder when 147 is divided by 25.
22
What is the remainder when 9 is divided by 5?
4
What is the remainder when 2141 is divided by 713?
2
Calculate the remainder when 1203 is divided by 347.
162
Calculate the remainder when 407 is divided by 20.
7
Calculate the remainder when 89 is divided by 30.
29
Calculate the remainder when 2483 is divided by 108.
107
What is the remainder when 647 is divided by 59?
57
What is the remainder when 225 is divided by 119?
106
What is the remainder when 4051 is divided by 226?
209
Calculate the remainder when 179 is divided by 46.
41
What is the remainder when 141 is divided by 37?
30
Calculate the remainder when 365 is divided by 267.
98
Calculate the remainder when 487 is divided by 158.
13
Calculate the remainder when 2182 is divided by 78.
76
Calculate the remainder when 7618 is divided by 15.
13
What is the remainder when 2648 is divided by 240?
8
What is the remainder when 4702 is divided by 26?
22
What is the remainder when 3178 is divided by 38?
24
What is the remainder when 279 is divided by 48?
39
Calculate the remainder when 194 is divided by 134.
60
Calculate the remainder when 429 is divided by 88.
77
What is the remainder when 20 is divided by 18?
2
What is the remainder when 654 is divided by 15?
9
Calculate the remainder when 3249 is divided by 811.
5
What is the remainder when 12947 is divided by 23?
21
Calculate the remainder when 4992 is divided by 46.
24
Calculate the remainder when 179 is divided by 23.
18
What is the remainder when 1689 is divided by 18?
15
Calculate the remainder when 435 is divided by 148.
139
Calculate the remainder when 121 is divided by 33.
22
Calculate the remainder when 110 is divided by 50.
10
Calculate the remainder when 659 is divided by 40.
19
What is the remainder when 2451 is divided by 11?
9
Calculate the remainder when 519 is divided by 46.
13
Calculate the remainder when 561 is divided by 17.
0
What is the remainder when 21469 is divided by 190?
189
What is the remainder when 243 is divided by 13?
9
Calculate the remainder when 1126 is divided by 51.
4
Calculate the remainder when 171 is divided by 86.
85
What is the remainder when 98 is divided by 48?
2
Calculate the remainder when 161 is divided by 82.
79
Calculate the remainder when 79 is divided by 3.
1
Calculate the remainder when 620 is divided by 23.
22
What is the remainder when 80 is divided by 66?
14
What is the remainder when 1991 is divided by 95?
91
What is the remainder when 56 is divided by 10?
6
Calculate the remainder when 7006 is divided by 33.
10
Calculate the remainder when 2581 is divided by 644.
5
What is the remainder when 99 is divided by 10?
9
Calculate the remainder when 674 is divided by 184.
122
Calculate the remainder when 21 is divided by 4.
1
Calculate the remainder when 437 is divided by 210.
17
What is the remainder when 5105 is divided by 12?
5
Calculate the remainder when 941 is divided by 221.
57
What is the remainder when 610 is divided by 39?
25
What is the remainder when 14 is divided by 11?
3
What is the remainder when 1225 is divided by 111?
4
Calculate the remainder when 144 is divided by 54.
36
What is the remainder when 528 is divided by 28?
24
What is the remainder when 682 is divided by 222?
16
What is the remainder when 297 is divided by 37?
1
Calculate the remainder when 1744 is divided by 197.
168
What is the remainder when 316 is divided by 82?
70
Calculate the remainder when 5046 is divided by 101.
97
What is the remainder when 7016 is divided by 135?
131
What is the remainder when 129 is divided by 69?
60
What is the remainder when 517